 prime factors of a?
2, 5, 7
Let b(t) = 79*t - 18. Let o be b(3). Suppose o + 684 = 7*z. Let n = 221 - z. List the prime factors of n.
2, 23
What are the prime factors of 187/17 + 18726 - -16?
3, 7, 19, 47
Let v(r) = -r**3 - 6*r**2 - 12*r - 4. Suppose 0 = -20*w + 16 - 156. List the prime factors of v(w).
3, 43
Let d = -7 + 17. Let u = d - 5. Suppose -4*m = -u*m + 77. List the prime factors of m.
7, 11
Suppose -5*s = -3*w - 635, -4*s + w = -0*w - 515. Let i = -1128 - -1071. Let b = i + s. List the prime factors of b.
73
Let s = -578 + 1039. Suppose 0 = -2*b + 3*m + 479, -20*b - s = -22*b - 3*m. What are the prime factors of b?
5, 47
Let o = 17242 - 8799. What are the prime factors of o?
8443
Let l(o) = 112*o + 74. Let d be l(-32). What are the prime factors of d/(-60) - (-2)/(-4)?
2, 29
Let i = 35 + -309. Let k = i + 775. List the prime factors of k.
3, 167
Let m = -1662 + 1665. Suppose w - 10 = -4*a - 2, -35 = -5*a + 5*w. Suppose 5*x = m*k - 76, -x - 39 - 29 = -a*k. List the prime factors of k.
2, 11
Suppose -4*b + 4*z = -88, 0 = -3*z + 4 - 1. Suppose b*d - 5530 = 9*d. List the prime factors of d.
5, 79
Suppose 3165 = 13*u + 1085. Suppose -1974 = -u*i + 154*i. List the prime factors of i.
7, 47
Let p(a) = 12*a**2 - 175*a + 366. List the prime factors of p(-40).
2, 37, 359
Let n = 23 + 24. Let g(s) = 2*s + 7. Let x be g(11). Let m = n + x. What are the prime factors of m?
2, 19
Suppose -12*w + 2*w = -110. Suppose -27 = -w*h + 2*h. What are the prime factors of ((-507)/52)/(h/(-16))?
2, 13
Suppose -n - 3*w - 15 = n, -100 = 5*n - 5*w. Let h = 304 + n. What are the prime factors of h?
17
Let r(b) = -56*b + 183. Let t be r(3). What are the prime factors of 4/6 - t/(90/(-8942))?
3, 7, 71
Let h = 242 - 113. Let i be 3*((-8)/40)/(-1) + 4/10. List the prime factors of (-18)/(-27)*i*h.
2, 43
Suppose 3*d + 2*t - 1648 = 7*t, d - 2*t - 551 = 0. Let n be -11*((-3 - -5) + -1). List the prime factors of 7/((-154)/4) - d/n.
7
What are the prime factors of (-250690)/(-22)*(-105)/(-35)?
3, 5, 43, 53
List the prime factors of (328 - 332)*5327/(-2).
2, 7, 761
Suppose 3*i = 4*i. Suppose i = -a + 2*y + 2, 3*a - 15 = -2*y - y. What are the prime factors of 13*(0 + 28/a)?
7, 13
Let v = 11026 - 6786. What are the prime factors of v?
2, 5, 53
Suppose 4*o - 2 = -n + 2*o, 0 = 3*n - o + 1. Suppose 3*i - 5*r - 1272 = 0, 5*i = r - n*r + 2120. What are the prime factors of i?
2, 53
Suppose 9*c - 17762 = -3*q + 11*c, 0 = 5*q + 2*c - 29582. What are the prime factors of q?
2, 11, 269
Let w(i) = i**3 - 22*i**2 + 24*i + 27. Let m = -18 + -13. Let f = m - -52. List the prime factors of w(f).
2, 3, 5
Let d(j) = 692*j**2 + 13*j + 9. What are the prime factors of d(-3)?
2, 3, 1033
Suppose -7*u + 10*u - 3*f = 474, -3*u = -5*f - 474. Suppose 741 = -u*o + 159*o. What are the prime factors of o?
3, 13, 19
List the prime factors of ((-74522)/(-112) + 6/16)*24.
2, 3, 2663
Let i = -45 - -49. Suppose 0 = i*k - 6*k + 24. Let c(r) = 8*r + 18. List the prime factors of c(k).
2, 3, 19
Suppose 0 = 20*s - 150 - 30. Suppose s*c = -0*c + 6795. List the prime factors of c.
5, 151
Let a = 82552 - 48774. List the prime factors of a.
2, 16889
Let i be 5/(-20) + 339/(-4). Let r = i + 130. Suppose -3*u + x = -37, 3*u - r = -0*x - 3*x. List the prime factors of u.
13
Let z = -64 - -67. Suppose -7*r + 12 = -z*r. Suppose -5*q + u + 305 = 0, -r*u - 46 = -q + 29. What are the prime factors of q?
2, 3, 5
Suppose -2*m + 2*s = -s - 18, -5*s - 17 = m. Suppose 0 = -m*q - 2*q. Suppose q = 2*r + 37 - 347. What are the prime factors of r?
5, 31
Let l = 473 - 363. Suppose -l = -2*w - 16. List the prime factors of w.
47
Suppose 2*j = 4*v + 16160, 4*j + 5*v = 6*v + 32348. List the prime factors of j.
2, 3, 337
Let n(d) = -5*d + 0*d - 10*d - 10. Let m(a) = -29*a - 20. Let b(p) = 3*m(p) - 5*n(p). List the prime factors of b(-4).
2, 19
Let a be 12 - (2 - (-20)/(-8))*6. Let d(t) = t**3 - 15*t**2 + 5*t - 2. Let v be d(a). Let y = v + -43. What are the prime factors of y?
2, 3, 5
Let m = 176 - 134. Suppose -m*n + 32*n = -960. List the prime factors of n.
2, 3
Let g(f) be the first derivative of 8*f**2 + 220*f - 3. List the prime factors of g(-8).
2, 23
Suppose -i - 6 = -3. Let h(z) = -5*z**3 + 2*z**2 - 3. Let l be h(i). What are the prime factors of l/2 + 0 + 3?
2, 3, 13
Let d(o) = -21*o - 10. Let y(h) = 41*h + 21. Let j(z) = -11*d(z) - 6*y(z). Let f be j(-8). Suppose f = u + 19. List the prime factors of u.
5, 17
Let v(g) = 111*g - 89. Let x be v(35). Let y = x + -2547. List the prime factors of y.
1249
Let i(u) = 25*u - 14. Let t be i(1). Suppose -t*n + 4614 = -2404. What are the prime factors of n?
2, 11, 29
Suppose 2*n + s = 9, -2*s = -8 + 10. Suppose -9*z = n*z - 14868. List the prime factors of z.
2, 3, 59
Suppose 4 = -4*t + 20. Suppose 6 + t = -5*h, -3*b = -h - 908. What are the prime factors of b?
2, 151
Suppose m = -m - 230. Let g be (510/(-408))/((-1)/(-192)). Let k = m - g. What are the prime factors of k?
5
Let u(z) = -z**3 - 12*z**2 + 3*z + 15. Let y be u(-12). Let o be (y + -4)*18/15. Let p = 128 + o. List the prime factors of p.
2, 7
Let a(i) = 1881*i + 7318. What are the prime factors of a(5)?
7, 2389
Let b(h) be the first derivative of 55*h**3/3 - h**2 - 3*h + 67. List the prime factors of b(-2).
13, 17
Let u be ((-4)/30*3)/(8/120). List the prime factors of (7 + -13)*194/u.
2, 97
What are the prime factors of ((-8315)/7)/(115/(-805))?
5, 1663
Let q = 315 + -223. Suppose 6*y - q = 10. Suppose 0 = 9*z - y*z + 2008. What are the prime factors of z?
251
List the prime factors of 3453240/112 + 3/6.
11, 2803
Let t be 13/((-39)/200) - (-2)/3. Let l = t - -65. List the prime factors of 10 + -4 - -22 - (-1)/l.
3
Let r = -2 - 19. Let w = 24 + r. Suppose 0 = -4*u - 3*j + 138, 142 = u + w*u + j. What are the prime factors of u?
2, 3
Suppose 10*z + 260 = 23*z. What are the prime factors of (40 - -7)/(-1 - (-24)/z)?
5, 47
Suppose -3*k + 12 = 0, -4*k + 9*k - 47544 = -4*t. What are the prime factors of t?
109
Let n(a) = 445*a**3 - 6*a**2 - 4*a + 3. List the prime factors of n(2).
3, 11, 107
Suppose 0 = 13*f - 6*f - 21. Suppose 5*k + f*n = -0*k + 2070, -k - 3*n + 426 = 0. List the prime factors of k.
3, 137
Let t(g) = 14*g + 65. Let n be ((-1)/2)/((-6)/144). What are the prime factors of t(n)?
233
Suppose 5*y - 20 = 0, -f = 4*y - 16853 - 12063. List the prime factors of (2/(-5))/((-17)/f).
2, 5, 17
Let r(s) = -4*s**2 - 3*s + 2. Let l(d) = -7*d**2 - 6*d + 4. Let v(o) = 4*l(o) - 9*r(o). Let j be 3 - 1 - 4 - -3. List the prime factors of v(j).
3
Suppose -7*o = -8 + 29. Let y(l) = -3*l - 15. Let j be y(o). Let t(r) = -19*r - 20. What are the prime factors of t(j)?
2, 47
Let f(z) = 2*z**3 + 11*z**2 - 5*z + 11. Let u be f(-6). Suppose 4*q + 120 = 8*q - 2*j, -u*j + 10 = 0. What are the prime factors of q?
31
Let s(n) = 2980*n**2 - 13*n - 8. List the prime factors of s(-1).
3, 5, 199
Let a = -457 - -272. Let g = 421 - 739. Let v = a - g. List the prime factors of v.
7, 19
Suppose -147*f + 1025239 = -10426208. List the prime factors of f.
3, 23, 1129
Let y be (-1 - -43) + -1 + (-2 - 3). Suppose 3700 = -y*v + 41*v. List the prime factors of v.
2, 5, 37
Suppose -2*k = b - 3*b - 5938, -5*k + 3*b = -14859. List the prime factors of k.
2, 3, 31
Let i(j) = j**3 + 6*j**2 + 4*j - 1. Let w(y) = 3*y + 7. Let q be w(-4). Let h be i(q). List the prime factors of -1 - 1/(h/(-580)).
2, 3
Let a = -29 + 61. Suppose a = 2*d + 2*d + 3*x, 0 = -x. Suppose d*z - 3*f = 3*z + 376, -4*z + 5*f + 306 = 0. What are the prime factors of z?
2, 37
Let j(m) = m**3 + 3*m**2 + 75*m + 2. Let o be j(8). Let s = 2296 - o. What are the prime factors of s?
2, 3, 5, 11
Let d(j) = -13*j - 13. Let i(r) = -53*r - 52. Let g(w) = 9*d(w) - 2*i(w). List the prime factors of g(-6).
53
Suppose -43*l = 37*l - 77*l - 60960. What are the prime factors of l?
2, 5, 127
Let f be 1394/246 + (0 - 10/6). Suppose -2*u + 13*i + 697 = 8*i, f*i + 347 = u. What are the prime factors of u?
3, 13
Suppose 5*u + 5*d = 196220, 21*d - 16*d - 117726 = -3*u. List the prime factors of u.
13, 3019
What are the prime factors of -3 - ((-610542)/38 + -1 + 255/285)?
2, 251
Suppose 2*v - 2 = 16. Suppose 2*t = v*t - 210. List the prime factors of ((-765)/t)/(6 + 0)*-20.
5, 17
Let u(s) = 2*s**2 - 9*s + 3. L